at is the ten thousands digit of 79581?
7
What is the hundreds digit of 18974?
9
What is the tens digit of 52265?
6
What is the thousands digit of 2697?
2
What is the units digit of 672?
2
What is the units digit of 944?
4
What is the tens digit of 2988?
8
What is the units digit of 36384?
4
What is the hundreds digit of 22403?
4
What is the thousands digit of 5929?
5
What is the hundred thousands digit of 134112?
1
What is the thousands digit of 5954?
5
What is the thousands digit of 48181?
8
What is the thousands digit of 45470?
5
What is the tens digit of 64?
6
What is the tens digit of 8740?
4
What is the hundreds digit of 357?
3
What is the hundreds digit of 9838?
8
What is the thousands digit of 1938?
1
What is the units digit of 3344?
4
What is the tens digit of 2734?
3
What is the tens digit of 645?
4
What is the thousands digit of 6527?
6
What is the hundred thousands digit of 154318?
1
What is the hundreds digit of 7698?
6
What is the thousands digit of 10692?
0
What is the ten thousands digit of 71177?
7
What is the thousands digit of 12682?
2
What is the thousands digit of 49354?
9
What is the thousands digit of 1980?
1
What is the tens digit of 953?
5
What is the hundreds digit of 454?
4
What is the tens digit of 13566?
6
What is the units digit of 522?
2
What is the hundreds digit of 861?
8
What is the hundreds digit of 9805?
8
What is the thousands digit of 7875?
7
What is the thousands digit of 2428?
2
What is the units digit of 1062?
2
What is the hundreds digit of 89637?
6
What is the ten thousands digit of 23498?
2
What is the hundreds digit of 765?
7
What is the tens digit of 33923?
2
What is the units digit of 60798?
8
What is the units digit of 45223?
3
What is the units digit of 39831?
1
What is the hundreds digit of 1958?
9
What is the tens digit of 111756?
5
What is the thousands digit of 1373?
1
What is the tens digit of 20768?
6
What is the hundreds digit of 983?
9
What is the hundreds digit of 59787?
7
What is the hundreds digit of 623?
6
What is the units digit of 2344?
4
What is the thousands digit of 3005?
3
What is the tens digit of 59794?
9
What is the hundreds digit of 1250?
2
What is the tens digit of 9047?
4
What is the units digit of 329?
9
What is the tens digit of 569?
6
What is the thousands digit of 21736?
1
What is the tens digit of 8754?
5
What is the tens digit of 538?
3
What is the thousands digit of 100794?
0
What is the ten thousands digit of 90839?
9
What is the units digit of 55910?
0
What is the tens digit of 8820?
2
What is the units digit of 2179?
9
What is the hundreds digit of 3210?
2
What is the tens digit of 30375?
7
What is the hundreds digit of 5986?
9
What is the hundreds digit of 2167?
1
What is the tens digit of 1064?
6
What is the hundreds digit of 16701?
7
What is the tens digit of 6908?
0
What is the thousands digit of 1452?
1
What is the hundreds digit of 82885?
8
What is the units digit of 1174?
4
What is the hundreds digit of 6777?
7
What is the thousands digit of 9409?
9
What is the ten thousands digit of 28645?
2
What is the thousands digit of 46641?
6
What is the units digit of 808?
8
What is the ten thousands digit of 59732?
5
What is the tens digit of 1207?
0
What is the tens digit of 702?
0
What is the tens digit of 33561?
6
What is the hundreds digit of 71745?
7
What is the thousands digit of 5977?
5
What is the hundreds digit of 1788?
7
What is the tens digit of 1544?
4
What is the hundreds digit of 849?
8
What is the thousands digit of 1058?
1
What is the tens digit of 982?
8
What is the units digit of 2850?
0
What is the tens digit of 1731?
3
What is the tens digit of 4658?
5
What is the tens digit of 3290?
9
What is the units digit of 334?
4
What is the tens digit of 767?
6
What is the tens digit of 16922?
2
What is the tens digit of 6340?
4
What is the hundreds digit of 1057?
0
What is the hundreds digit of 1067?
0
What is the ten thousands digit of 12607?
1
What is the thousands digit of 8140?
8
What is the hundreds digit of 724?
7
What is the units digit of 5338?
8
What is the hundreds digit of 951?
9
What is the units digit of 19231?
1
What is the units digit of 11073?
3
What is the hundreds digit of 388?
3
What is the hundreds digit of 25293?
2
What is the hundreds digit of 3349?
3
What is the thousands digit of 11564?
1
What is the units digit of 43551?
1
What is the hundreds digit of 465?
4
What is the units digit of 87624?
4
What is the units digit of 855?
5
What is the tens digit of 1626?
2
What is the tens digit of 113135?
3
What is the thousands digit of 4511?
4
What is the thousands digit of 18872?
8
What is the units digit of 3904?
4
What is the units digit of 2185?
5
What is the thousands digit of 2925?
2
What is the units digit of 2303?
3
What is the units digit of 91?
1
What is the hundreds digit of 663?
6
What is the thousands digit of 1885?
1
What is the units digit of 4453?
3
What is the tens digit of 11093?
9
What is the hundreds digit of 583?
5
What is the thousands digit of 2104?
2
What is the hundreds digit of 25520?
5
What is the thousands digit of 1681?
1
What is the tens digit of 4393?
9
What is the ten thousands digit of 173151?
7
What is the units digit of 2722?
2
What is the ten thousands digit of 13313?
1
What is the hundreds digit of 4276?
2
What is the hundreds digit of 140?
1
What is the hundreds digit of 8137?
1
What is the hundreds digit of 39064?
0
What is the hundreds digit of 5563?
5
What is the units digit of 406?
6
What is the hundreds digit of 6100?
1
What is the units digit of 2054?
4
What is the hundreds digit of 94492?
4
What is the thousands digit of 3954?
3
What is the thousands digit of 8596?
8
What is the tens digit of 54899?
9
What is the hundreds digit of 6472?
4
What is the hundreds digit of 13719?
7
What is the tens digit of 1808?
0
What is the hundreds digit of 36468?
4
What is the hundreds digit of 2563?
5
What is the tens digit of 198?
9
What is the units digit of 520?
0
What is the hundreds digit of 391?
3
What is the ten thousands digit of 37666?
3
What is the units digit of 604?
4
What is the thousands digit of 16044?
6
What is the units digit of 1363?
3
What is the units digit of 981?
1
What is the thousands digit of 2880?
2
What is the thousands digit of 13865?
3
What is the thousands digit of 17086?
7
What is the hundreds digit of 5337?
3
What is the hundreds digit of 175?
1
What is the hundreds digit of 1222?
2
What is the hundreds digit of 859?
8
What is the thousands digit of 37334?
7
What is the units digit of 3846?
6
What is the thousands digit of 2851?
2
What is the thousands digit of 1673?
1
What is the thousands digit of 7394?
7
What is the units digit of 9432?
2
What is the tens digit of 19750?
5
What is the thousands digit of 14337?
4
What is the units digit of 772?
2
What is the ten thousands digit of 17823?
1
What is the thousands digit of 57665?
7
What is the thousands digit of 3566?
3
What is the thousands digit of 1663?
1
What is the tens digit of 4280?
8
What is the ten thousands digit of 37884?
3
What is the hundreds digit of 33313?
3
What is the units digit of 38524?
4
What is the thousands digit of 14277?
4
What is the thousands digit of 125570?
5
What is the units digit of 128806?
6
What is the tens digit of 983?
8
What is the tens digit of 5035?
3
What is the thousands digit of 10078?
0
What is the units digit of 1836?
6
What is the thousands digit of 41077?
1
What is the thousands digit of 1353?
1
What is the units digit of 259?
9
What is the tens digit of 804?
0
What is the ten thousands digit of 13694?
1
What is the hundreds digit of 4582?
5
What is the thousands digit of 3802?
3
What is the units digit of 570?
0
What is the units digit of 631?
1
What is the units digit of 132575?
5
What is the hundreds digit of 22100?
1
What is the hundreds digit of 360?
3
What is the thousands digit of 10014?
0
What is the tens digit of 13691?
9
What is the ten thousands digit of 10357?
1
What is the hundreds digit of 63387?
3
What is the units digit of 33816?
6
What is the thousands digit of 25249?
5
What is the thousands digit of 24900?
4
What is the ten thousands digit of 86507?
8
What is the units digit of 1056?
6
What is the units digit of 53582?
2
What is the hundreds digit of 58685?
6
W